
2, 5, 29, 6029
List the prime factors of 9289919.
9289919
What are the prime factors of 114879?
3, 149, 257
What are the prime factors of 593515?
5, 13, 23, 397
List the prime factors of 3809238.
2, 3, 127, 4999
What are the prime factors of 315120?
2, 3, 5, 13, 101
List the prime factors of 538113.
3, 181, 991
List the prime factors of 780970.
2, 5, 29, 2693
What are the prime factors of 1908007?
563, 3389
What are the prime factors of 213759?
3, 7, 13, 29
What are the prime factors of 646183?
646183
What are the prime factors of 148680?
2, 3, 5, 7, 59
What are the prime factors of 2743561?
2743561
List the prime factors of 3732109.
3732109
What are the prime factors of 8846083?
8846083
What are the prime factors of 9675267?
3, 7, 131, 3517
What are the prime factors of 167530?
2, 5, 11, 1523
What are the prime factors of 189545?
5, 167, 227
What are the prime factors of 946382?
2, 473191
What are the prime factors of 1403567?
11, 127597
List the prime factors of 44064.
2, 3, 17
What are the prime factors of 1543691?
23, 41, 1637
What are the prime factors of 459363?
3, 19, 8059
What are the prime factors of 348036?
2, 3, 13, 23, 97
What are the prime factors of 3892676?
2, 973169
What are the prime factors of 2148288?
2, 3, 67, 167
What are the prime factors of 2162105?
5, 11, 19, 2069
What are the prime factors of 19001241?
3, 7, 197, 1531
List the prime factors of 7244422.
2, 89, 40699
What are the prime factors of 149857?
277, 541
What are the prime factors of 8986228?
2, 2246557
List the prime factors of 75885.
3, 5, 5059
What are the prime factors of 113087?
13, 8699
List the prime factors of 495794.
2, 13, 19069
List the prime factors of 16547275.
5, 73, 9067
List the prime factors of 1395976.
2, 211, 827
List the prime factors of 18548891.
18548891
List the prime factors of 1454634.
2, 3, 211, 383
List the prime factors of 196933.
11, 17903
List the prime factors of 93429.
3, 7, 1483
List the prime factors of 1440883.
1440883
What are the prime factors of 265856?
2, 31, 67
List the prime factors of 439152.
2, 3, 7, 1307
What are the prime factors of 912084?
2, 3, 17, 263
What are the prime factors of 8240?
2, 5, 103
What are the prime factors of 689868?
2, 3, 19163
What are the prime factors of 28731?
3, 61, 157
List the prime factors of 5987252.
2, 79, 18947
List the prime factors of 484457.
484457
What are the prime factors of 126557?
271, 467
What are the prime factors of 11097251?
11, 59, 17099
List the prime factors of 1302855.
3, 5, 86857
What are the prime factors of 85973?
149, 577
What are the prime factors of 71703?
3, 31, 257
List the prime factors of 1915258.
2, 59, 16231
What are the prime factors of 609704?
2, 76213
What are the prime factors of 2515449?
3, 838483
What are the prime factors of 696857?
7, 99551
What are the prime factors of 174504?
2, 3, 11, 661
What are the prime factors of 54822?
2, 3, 9137
List the prime factors of 469736.
2, 71, 827
List the prime factors of 20223278.
2, 10111639
What are the prime factors of 4360925?
5, 17, 31, 331
List the prime factors of 19800.
2, 3, 5, 11
List the prime factors of 3326749.
929, 3581
What are the prime factors of 1187756?
2, 17, 17467
List the prime factors of 5620607.
103, 197, 277
List the prime factors of 8799127.
563, 15629
What are the prime factors of 6425832?
2, 3, 7, 23, 1663
What are the prime factors of 5513697?
3, 7, 29173
List the prime factors of 822082.
2, 411041
What are the prime factors of 213045?
3, 5, 7, 2029
List the prime factors of 127322.
2, 13, 59, 83
What are the prime factors of 8830930?
2, 5, 883093
List the prime factors of 590933.
7, 29, 41, 71
List the prime factors of 503408.
2, 73, 431
List the prime factors of 255246.
2, 3, 19, 2239
List the prime factors of 3697294.
2, 59, 31333
List the prime factors of 122784.
2, 3, 1279
What are the prime factors of 71358?
2, 3, 7, 1699
List the prime factors of 4501225.
5, 401, 449
List the prime factors of 2352063.
3, 7, 31, 3613
What are the prime factors of 342594?
2, 3, 7, 2719
What are the prime factors of 7129559?
7129559
What are the prime factors of 35114846?
2, 13, 463, 2917
List the prime factors of 6250796.
2, 79, 131, 151
List the prime factors of 31369.
13, 19, 127
What are the prime factors of 13633381?
13633381
List the prime factors of 283824.
2, 3, 73
What are the prime factors of 2943986?
2, 47, 31319
What are the prime factors of 446580?
2, 3, 5, 827
List the prime factors of 27865531.
27865531
List the prime factors of 9063484.
2, 797, 2843
List the prime factors of 28393.
28393
What are the prime factors of 5348416?
2, 193, 433
What are the prime factors of 61049?
41, 1489
List the prime factors of 793900.
2, 5, 17, 467
List the prime factors of 16141478.
2, 8070739
List the prime factors of 2853845.
5, 71, 8039
List the prime factors of 16616315.
5, 359, 9257
What are the prime factors of 2490211?
17, 37, 107
List the prime factors of 315159.
3, 13, 8081
What are the prime factors of 583502?
2, 291751
What are the prime factors of 73260?
2, 3, 5, 11, 37
List the prime factors of 182127.
3, 11, 5519
List the prime factors of 214336.
2, 17, 197
What are the prime factors of 7697958?
2, 3, 1282993
List the prime factors of 828903.
3, 17, 16253
What are the prime factors of 225222?
2, 3, 37537
List the prime factors of 982097.
982097
List the prime factors of 3194397.
3, 113, 349
What are the prime factors of 10812053?
7, 53, 151, 193
What are the prime factors of 9361769?
277, 33797
What are the prime factors of 3415423?
11, 41, 7573
What are the prime factors of 258587?
7, 17, 41, 53
List the prime factors of 1446372.
2, 3, 40177
List the prime factors of 4864105.
5, 149, 6529
What are the prime factors of 222053?
13, 19, 29, 31
What are the prime factors of 788533?
421, 1873
List the prime factors of 2413432.
2, 7, 71, 607
List the prime factors of 997307.
997307
What are the prime factors of 652895?
5, 130579
What are the prime factors of 25384?
2, 19, 167
List the prime factors of 18196663.
2633, 6911
What are the prime factors of 8642552?
2, 31, 34849
List the prime factors of 91673.
91673
List the prime factors of 1557615.
3, 5, 103841
What are the prime factors of 1323669?
3, 31, 43, 331
List the prime factors of 873069.
3, 17, 19, 53
What are the prime factors of 3318596?
2, 359, 2311
What are the prime factors of 296864?
2, 9277
What are the prime factors of 368080?
2, 5, 43, 107
What are the prime factors of 9978500?
2, 5, 7, 2851
List the prime factors of 9566588.
2, 479, 4993
List the prime factors of 245460.
2, 3, 5, 4091
What are the prime factors of 740816?
2, 46301
What are the prime factors of 1348362?
2, 3, 173, 433
What are the prime factors of 520948?
2, 17, 47, 163
List the prime factors of 24754985.
5, 107, 46271
List the prime factors of 578811.
3, 29, 6653
List the prime factors of 1404162.
2, 3, 26003
What are the prime factors of 1780155?
3, 5, 13, 17, 179
List the prime factors of 4139280.
2, 3, 5, 5749
List the prime factors of 13613755.
5, 2722751
What are the prime factors of 23077?
47, 491
List the prime factors of 981862.
2, 7, 43, 233
List the prime factors of 1022766.
2, 3, 373, 457
What are the prime factors of 9330?
2, 3, 5, 311
What are the prime factors of 749428?
2, 17, 103, 107
What are the prime factors of 1719347?
7, 245621
What are the prime factors of 2005844?
2, 37, 13553
What are the prime factors of 13583012?
2, 43, 157, 503
List the prime factors of 468539.
101, 4639
What are the prime factors of 347674?
2, 131, 1327
What are the prime factors of 252208?
2, 11, 1433
What are the prime factors of 352397?
53, 61, 109
List the prime factors of 1408938.
2, 3, 43, 127
What are the prime factors of 4604034?
2, 3, 767339
List the prime factors of 262652.
2, 13, 5051
What are the prime factors of 316963?
23, 13781
What are the prime factors of 229602?
2, 3, 17, 2251
What are the prime factors of 15465977?
15465977
List the prime factors of 3475732.
2, 13, 66841
What are the prime factors of 683625?
3, 5, 1823
What are the prime factors of 126384?
2, 3, 2633
What are the prime factors of 216487?
37, 5851
What are the prime factors of 3110369?
3110369
List the prime factors of 201940.
2, 5, 23, 439
List the prime factors of 1289841